{"id":1247,"date":"2019-06-23T22:29:02","date_gmt":"2019-06-23T21:29:02","guid":{"rendered":"http:\/\/mct.ese.ipp.pt\/?page_id=1247"},"modified":"2020-06-10T10:50:07","modified_gmt":"2020-06-10T09:50:07","slug":"utc","status":"publish","type":"page","link":"https:\/\/mct.ese.ipp.pt\/","title":{"rendered":"UTC"},"content":{"rendered":"\n<p style=\"font-size:14px\"><\/p>\n\n\n\n<p><\/p>\n\n\n\n<p><\/p>\n\n\n\n<p style=\"font-size:12px\">Bem vindo \u00e0 UTC de Matem\u00e1tica, Ci\u00eancias e Tecnologias da Escola Superior de Educa\u00e7\u00e3o. Esta UTC \u00e9 uma unidade org\u00e2nica da ESE, ecl\u00e9tica e multidisciplinar, que se vem adaptando ao desenvolvimento tecnol\u00f3gico de forma pragm\u00e1tica e focada na inova\u00e7\u00e3o.<\/p>\n","protected":false},"excerpt":{"rendered":"<p>Bem vindo \u00e0 UTC de Matem\u00e1tica, Ci\u00eancias e Tecnologias da Escola Superior de Educa\u00e7\u00e3o. Esta UTC \u00e9 uma unidade org\u00e2nica da ESE, ecl\u00e9tica e multidisciplinar, que se vem adaptando ao desenvolvimento tecnol\u00f3gico de forma pragm\u00e1tica e focada na inova\u00e7\u00e3o.<\/p>\n","protected":false},"author":1,"featured_media":1290,"parent":0,"menu_order":0,"comment_status":"closed","ping_status":"closed","template":"","meta":{"footnotes":""},"class_list":["post-1247","page","type-page","status-publish","has-post-thumbnail","hentry","post","post-with-thumbnail","post-with-thumbnail-large"],"_links":{"self":[{"href":"https:\/\/mct.ese.ipp.pt\/index.php?rest_route=\/wp\/v2\/pages\/1247","targetHints":{"allow":["GET"]}}],"collection":[{"href":"https:\/\/mct.ese.ipp.pt\/index.php?rest_route=\/wp\/v2\/pages"}],"about":[{"href":"https:\/\/mct.ese.ipp.pt\/index.php?rest_route=\/wp\/v2\/types\/page"}],"author":[{"embeddable":true,"href":"https:\/\/mct.ese.ipp.pt\/index.php?rest_route=\/wp\/v2\/users\/1"}],"replies":[{"embeddable":true,"href":"https:\/\/mct.ese.ipp.pt\/index.php?rest_route=%2Fwp%2Fv2%2Fcomments&post=1247"}],"version-history":[{"count":10,"href":"https:\/\/mct.ese.ipp.pt\/index.php?rest_route=\/wp\/v2\/pages\/1247\/revisions"}],"predecessor-version":[{"id":1387,"href":"https:\/\/mct.ese.ipp.pt\/index.php?rest_route=\/wp\/v2\/pages\/1247\/revisions\/1387"}],"wp:featuredmedia":[{"embeddable":true,"href":"https:\/\/mct.ese.ipp.pt\/index.php?rest_route=\/wp\/v2\/media\/1290"}],"wp:attachment":[{"href":"https:\/\/mct.ese.ipp.pt\/index.php?rest_route=%2Fwp%2Fv2%2Fmedia&parent=1247"}],"curies":[{"name":"wp","href":"https:\/\/api.w.org\/{rel}","templated":true}]}}