{"id":717,"date":"2017-11-13T16:06:22","date_gmt":"2017-11-13T15:06:22","guid":{"rendered":"http:\/\/mct.ese.ipp.pt\/?page_id=717"},"modified":"2019-06-23T21:41:04","modified_gmt":"2019-06-23T20:41:04","slug":"contatos","status":"publish","type":"page","link":"https:\/\/mct.ese.ipp.pt\/?page_id=717","title":{"rendered":"Contactos"},"content":{"rendered":"<p><strong>UTC<\/strong><\/p>\n<hr \/>\n<p><strong><span style=\"color: #000080;\">Matem\u00e1tica Ci\u00eancias e Tecnlogias<\/span><br \/>\nEscola Superior de Educa\u00e7\u00e3o<br \/>\nPolit\u00e9cnico do Porto<br \/>\n<\/strong>Rua Dr. Roberto Frias<br \/>\n602 4200-465 Porto Portugal<br \/>\nT. +351 225 073 460<br \/>\nF. +351 225 073 464<br \/>\nE. ese@ese.ipp.pt<\/p>\n<p><strong>\u00a0<\/strong><\/p>\n<p><strong>Telefone:<\/strong> 225073460<\/p>\n<p><strong>Localiza\u00e7\u00e3o<\/strong><\/p>\n<p><iframe loading=\"lazy\" style=\"border: 0px currentColor;\" src=\"https:\/\/www.google.com\/maps\/embed?pb=!1m18!1m12!1m3!1d4246.834974648448!2d-8.602281907936698!3d41.17891293789432!2m3!1f0!2f0!3f0!3m2!1i1024!2i768!4f13.1!3m3!1m2!1s0x0%3A0x1a6c69e4855ae021!2sEscola+Superior+de+Educa%C3%A7%C3%A3o+do+Porto!5e0!3m2!1spt-PT!2spt!4v1513785451303\" width=\"600\" height=\"450\" frameborder=\"0\" allowfullscreen=\"allowfullscreen\"><\/iframe><\/p>\n","protected":false},"excerpt":{"rendered":"<p>UTC Matem\u00e1tica Ci\u00eancias e Tecnlogias Escola Superior de Educa\u00e7\u00e3o Polit\u00e9cnico do Porto Rua Dr. Roberto Frias 602 4200-465 Porto Portugal T. +351 225 073 460 F. +351 225 073 464 E. ese@ese.ipp.pt \u00a0 Telefone: 225073460 Localiza\u00e7\u00e3o<\/p>\n","protected":false},"author":66,"featured_media":0,"parent":0,"menu_order":0,"comment_status":"closed","ping_status":"closed","template":"","meta":{"footnotes":""},"class_list":["post-717","page","type-page","status-publish","hentry","post"],"_links":{"self":[{"href":"https:\/\/mct.ese.ipp.pt\/index.php?rest_route=\/wp\/v2\/pages\/717","targetHints":{"allow":["GET"]}}],"collection":[{"href":"https:\/\/mct.ese.ipp.pt\/index.php?rest_route=\/wp\/v2\/pages"}],"about":[{"href":"https:\/\/mct.ese.ipp.pt\/index.php?rest_route=\/wp\/v2\/types\/page"}],"author":[{"embeddable":true,"href":"https:\/\/mct.ese.ipp.pt\/index.php?rest_route=\/wp\/v2\/users\/66"}],"replies":[{"embeddable":true,"href":"https:\/\/mct.ese.ipp.pt\/index.php?rest_route=%2Fwp%2Fv2%2Fcomments&post=717"}],"version-history":[{"count":12,"href":"https:\/\/mct.ese.ipp.pt\/index.php?rest_route=\/wp\/v2\/pages\/717\/revisions"}],"predecessor-version":[{"id":1232,"href":"https:\/\/mct.ese.ipp.pt\/index.php?rest_route=\/wp\/v2\/pages\/717\/revisions\/1232"}],"wp:attachment":[{"href":"https:\/\/mct.ese.ipp.pt\/index.php?rest_route=%2Fwp%2Fv2%2Fmedia&parent=717"}],"curies":[{"name":"wp","href":"https:\/\/api.w.org\/{rel}","templated":true}]}}